s digit of m?
7
Suppose -4*s + 39 - 11 = 0. Suppose -243 = -5*z - 3*r, 2*r = -1 - s. What is the tens digit of z?
5
Let q(i) = i**3 - 3*i**2 + 2*i. Let u be q(2). Let x(m) = 4 - 3*m**2 - m**3 + 3*m**2 - m**2. What is the units digit of x(u)?
4
Let s(x) = -x**3 + 8*x**2 - 7*x + 7. What is the units digit of s(6)?
7
What is the tens digit of ((-9)/4)/(11/(-176))?
3
Let l be (-4)/(-1 + -15)*20. Suppose 0 = 4*r + l*d - 89, -r - 1 + 32 = 3*d. What is the units digit of r?
6
Suppose 3*m = -0*m - 30. Let s be 4/10 - (-4)/m. What is the units digit of (-2)/(-2) - s/1?
1
Let l(g) = -8*g**3 - g**2 - 2*g - 1. Suppose -10 = 2*x, 3*o - 6*x = -2*x + 26. Let m be (1 - (0 + o))*1. What is the units digit of l(m)?
8
Suppose 0 = 2*i - 7*t + 2*t - 86, -4*t + 116 = 4*i. Suppose 25 = q + q + 3*z, -5*z = -2*q + i. What is the tens digit of q?
1
Let z be 2/8 + 146/(-8). What is the units digit of 11/9 + 4/z?
1
What is the units digit of (6/7)/(4 - (-835)/(-210))?
6
Suppose -l - 3*b + 12 = 3*l, 0 = 2*l + 2*b - 6. Suppose -3*u - l*u + 96 = 0. What is the units digit of u?
6
Let m(f) = f**2 + 2*f - 7. Let g be m(-5). Let j(a) = -a**3 + 7*a**2 + 7*a + 10. What is the units digit of j(g)?
2
Let x(m) = -8*m - 1. Let t be (-1)/(-2*(-2)/4). Let p be x(t). Suppose -p - 3 = -5*w. What is the units digit of w?
2
Let u = -48 - -83. What is the tens digit of u?
3
Let l = -13 - -99. What is the tens digit of l?
8
Let g(t) = -46*t + 2. What is the tens digit of g(-1)?
4
Let k(y) be the first derivative of -y**5/120 + y**4/12 - 2*y**3/3 + 5. Let d(v) be the third derivative of k(v). What is the units digit of d(-7)?
9
Suppose -4*n + n + 153 = 0. What is the tens digit of n?
5
Suppose -2*t + t = 0. Suppose -29 = -z - t. What is the units digit of z?
9
Let f = -13 - -42. What is the units digit of f?
9
What is the units digit of (-4)/(-1) - (-4 + -1 - 62)?
1
Let p = 1 + -4. Let s = p + 5. Suppose 21 = 5*g + h, 5*g - s*h = 52 - 19. What is the units digit of g?
5
Suppose 3*a = -2*a - 150. Let p be (-173)/(-5) + (-12)/a. What is the units digit of (-4)/14 - (-255)/p?
7
Suppose 3*y - 3*l - 42 = 0, 7 = -2*y + l + 35. What is the units digit of y?
4
Let f(j) be the second derivative of -j**4/12 + j**3 + 3*j**2 + 4*j. What is the units digit of f(6)?
6
Let p(g) = g**2 - 7*g + 8. Let d be p(6). Suppose -5*b - 5 = 0, 0 = -l - 0*l - d*b + 10. What is the tens digit of l?
1
What is the tens digit of (-7)/(196/(-2709)) - (-1)/4?
9
Suppose -2*t + 4 = -52. What is the tens digit of t?
2
Let b(r) = r**2 + 2*r + 1. Let s be b(-3). Suppose -49 = -3*j - j - 5*t, -s*j + 2*t = -14. What is the units digit of j?
6
Suppose -13 = -13*u + 52. What is the units digit of u?
5
Let u(z) = 233*z**2 - 4*z - 5. What is the tens digit of u(-1)?
3
Let h be (3 + -6)*(-20)/(-3). Let p = h + 28. Suppose -4*x - 4*u + 28 = -p*u, -u - 1 = x. What is the units digit of x?
3
Let z(w) = -6*w**2 + 2*w + 7. Let t(m) = 7*m**2 - 3*m - 8. Let f(n) = 5*t(n) + 6*z(n). What is the units digit of f(-2)?
4
Let w = 46 + -42. Let t(s) = -3*s**2 - 2*s + 10. Let o(j) = -8*j**2 - 7*j + 29. Let m(i) = -4*o(i) + 11*t(i). What is the units digit of m(w)?
2
Let v(z) = -2*z + 5. Let r be v(0). Suppose 9*g = r*g + 20. What is the units digit of g?
5
Let r = 151 - 99. Suppose v + r = 13. What is the units digit of v/(-6) - (-6)/(-4)?
5
Suppose 3*v = 5*h + v, -4*v + 14 = -3*h. Suppose -10 = -h*s + z, -4*z = -6*z. What is the units digit of s?
5
Let o(l) be the third derivative of -l**4/6 + l**3/3 - 3*l**2. Let b be o(-2). Suppose b = g + g. What is the units digit of g?
5
What is the units digit of 109 + (-6)/(-9)*27/(-6)?
6
Suppose 5*h + 19 = 54. Let v(j) = j**3 - 7*j**2 + 2*j + 1. What is the tens digit of v(h)?
1
Suppose -5*i - 10 = -0*a + 5*a, 2*a = i - 10. What is the units digit of i?
2
Let c(q) = q - 2. Let b be c(5). Suppose 1 + b = v. Suppose v*j = 16 + 4. What is the units digit of j?
5
Suppose -4*y = -5*b - 5*y + 161, -b = -5*y - 53. What is the tens digit of b?
3
Suppose 0 = 5*s - 4*y - 505, 2*s - 3*s + 101 = 5*y. Let k = s + -64. What is the tens digit of k?
3
Suppose 5*m + 14 = 39. What is the units digit of m?
5
Let y = 5 + -1. Suppose -y*l + 20 + 16 = 0. What is the units digit of l?
9
Let q(y) = -y**3 - 10*y**2 - 2*y + 10. Let f(i) = i**3 - 8*i**2 + 5*i + 4. Let a be f(7). What is the tens digit of q(a)?
3
Let z = 52 + -15. What is the units digit of z?
7
Let g(f) = f**3 + 11*f**2 - 11*f + 12. Let w be g(-12). Suppose k + k - 4 = w. What is the units digit of k?
2
Suppose -2*b - 4*m - 198 = -4*b, -488 = -5*b + 3*m. What is the units digit of b?
7
Let r = 376 + -211. What is the units digit of r?
5
Let l = -151 + 237. What is the tens digit of l?
8
Suppose -5*a + 61 = -3*g, 3*a - 5*a + g = -25. What is the units digit of (-72)/a*(-70)/15?
4
Suppose 2*m - 663 = -g, 3*m - 7*g - 988 = -2*g. What is the tens digit of m?
3
Let t be -23 + 3*(-8)/12. Let c = 3 - t. What is the tens digit of c?
2
Suppose 2*d + 0*d - 16 = 0. Let j = d + -6. Suppose -26 = -4*c + 2*m, j*c - m - 25 = 4*m. What is the units digit of c?
5
Let h(a) = a**3 + 9*a**2 + 6*a - 7. What is the units digit of h(-8)?
9
What is the hundreds digit of (-13)/26*(-1 - 365)?
1
What is the hundreds digit of 2/5 + (-7196)/(-35)?
2
What is the units digit of 2/(1*3/9)?
6
Let t(b) = b**2 - 9*b + 2. Let r be t(9). Suppose h - 11 + r = 0. What is the units digit of h?
9
Suppose 2*k - 982 = -4*p, 3*p - 729 = -0*k + k. What is the hundreds digit of p?
2
Let u be 4 + 4*(-3 - -2). Suppose 4*n - w = 90, -2*n + u*n = w - 48. What is the units digit of n?
3
Let d(w) = -4*w. Let l be d(1). Let r = -3 - l. What is the units digit of r?
1
Let b = -4 - -9. Suppose b*v - 3*p = 47, 4*v - 20 = -p - p. What is the units digit of v?
7
Let l = 135 - 0. What is the hundreds digit of l?
1
Let m(a) = 2*a**2 + a - 23. What is the units digit of m(-7)?
8
Suppose s - 5*s = -220. What is the units digit of s?
5
Let j = 7 - 11. What is the tens digit of -3 - -38*(j - -5)?
3
Suppose 7*j - 3*j = 5*a + 193, 2*j + 3*a = 113. What is the units digit of j?
2
Let t = 45 + -70. Let w = -17 - t. Suppose 4*s - 8 = w. What is the units digit of s?
4
Let a(g) = g + 8. Let c be a(-7). Let x = 4 + c. What is the units digit of x?
5
Suppose 0 = 4*f + 1 - 9. What is the units digit of f?
2
Suppose -5*g = -6*g + 43. What is the units digit of g?
3
What is the units digit of (2/6)/(7/42)?
2
Suppose 3*h - 350 = -74. What is the units digit of h?
2
Suppose -4*a - 944 = -12*a. What is the tens digit of a?
1
Let n be (1 - 11*-1) + -1. Let f = -8 + n. Suppose 4*j - 5 = 5*o, -4*o + 2*j + j - f = 0. What is the units digit of o?
3
Let i be (-1)/2 - (-5)/(-10). What is the units digit of (-1)/((0 - i) + -2)?
1
Let c(g) be the first derivative of -3*g**2/2 - g + 2. What is the units digit of c(-3)?
8
Suppose 0 = 2*k + 2*k - 72. Suppose 2*m = 3*b - k - 25, -4*m - 9 = b. What is the units digit of b?
1
Let n = 64 - 30. Suppose -4*s + 14 = -n. What is the units digit of s?
2
Let g be (-1 + (-2)/(-2))/(-1). Suppose -4*o + s + 27 = g, -o + 5*s = 2*o - 33. What is the units digit of ((-4)/o)/((-2)/15)?
5
Suppose z - 4*a - 649 = -2*z, 20 = 4*a. What is the units digit of z?
3
Suppose l - 5*l = 5*a - 78, 3*l - 3*a = 72. Let k = l - 16. What is the units digit of k?
6
Suppose -2*x - x + 15 = 0. Suppose -2*k + 5*k - x*t = 6, 5*k + 3*t = 10. What is the units digit of k?
2
Let u = 0 - -1. Suppose -4*c + 2*f - 6 = 0, -4*c + f + 0 = u. Let n(j) = j. What is the units digit of n(c)?
1
Let j(w) = w**2 + 12*w + 19. What is the tens digit of j(-15)?
6
Let c(f) = 103*f - 11. What is the units digit of c(2)?
5
Let d be 0*((-5)/2)/(-5). Suppose -p + d*p = 2. Let t(s) = s**2 - s - 1. What is the units digit of t(p)?
5
Suppose -5*d = -2*c - 43, -3*c - 13 = d + 2*c. Suppose 0 = 8*z - z. Let h = d + z. What is the units digit of h?
7
Suppose -6*a + 310 = -a. What is the units digit of a?
2
Let h(u) = 2*u - 1. Let b be h(2). Suppose 9 = 3*g + b. Suppose -g*s - 40 = -7*s. What is the units digit of s?
8
Suppose 0 = v - 5*s + 8, v + v = -4*s + 12. Let y = 1 + v. What is the units digit of 2/3*y + 1?
3
Suppose 2 = s + 3. What is the units digit of 40 - 2*(s + 0)?
2
Suppose 17 = -x + 4*a, -2*x = x - a + 18. Let w = -13 - x. Let q(g) = -g**2 - 8*g + 1. What 